he remainder when 252 is divided by 48?
12
Calculate the remainder when 268 is divided by 34.
30
What is the remainder when 2788 is divided by 25?
13
What is the remainder when 61 is divided by 16?
13
Calculate the remainder when 96 is divided by 94.
2
What is the remainder when 179 is divided by 49?
32
What is the remainder when 97 is divided by 56?
41
Calculate the remainder when 442 is divided by 99.
46
Calculate the remainder when 2117 is divided by 20.
17
What is the remainder when 3871 is divided by 88?
87
What is the remainder when 473 is divided by 14?
11
Calculate the remainder when 45 is divided by 11.
1
Calculate the remainder when 175 is divided by 89.
86
Calculate the remainder when 785 is divided by 36.
29
What is the remainder when 342 is divided by 238?
104
What is the remainder when 52 is divided by 4?
0
What is the remainder when 214 is divided by 27?
25
Calculate the remainder when 46 is divided by 30.
16
What is the remainder when 638 is divided by 14?
8
Calculate the remainder when 304 is divided by 48.
16
Calculate the remainder when 54 is divided by 40.
14
What is the remainder when 1245 is divided by 88?
13
What is the remainder when 195 is divided by 68?
59
Calculate the remainder when 386 is divided by 39.
35
What is the remainder when 111 is divided by 39?
33
Calculate the remainder when 498 is divided by 246.
6
What is the remainder when 2468 is divided by 28?
4
What is the remainder when 1048 is divided by 21?
19
Calculate the remainder when 255 is divided by 55.
35
Calculate the remainder when 60 is divided by 44.
16
Calculate the remainder when 876 is divided by 45.
21
Calculate the remainder when 400 is divided by 55.
15
What is the remainder when 2631 is divided by 155?
151
Calculate the remainder when 10211 is divided by 69.
68
Calculate the remainder when 1316 is divided by 120.
116
What is the remainder when 27 is divided by 27?
0
What is the remainder when 71 is divided by 60?
11
Calculate the remainder when 672 is divided by 199.
75
Calculate the remainder when 19174 is divided by 102.
100
What is the remainder when 1996 is divided by 69?
64
Calculate the remainder when 628 is divided by 70.
68
Calculate the remainder when 838 is divided by 35.
33
Calculate the remainder when 1557 is divided by 506.
39
Calculate the remainder when 88 is divided by 54.
34
What is the remainder when 51 is divided by 44?
7
What is the remainder when 510 is divided by 57?
54
Calculate the remainder when 186 is divided by 181.
5
What is the remainder when 5231 is divided by 12?
11
Calculate the remainder when 36315 is divided by 14.
13
What is the remainder when 158 is divided by 16?
14
Calculate the remainder when 439 is divided by 49.
47
What is the remainder when 528 is divided by 38?
34
Calculate the remainder when 16935 is divided by 58.
57
Calculate the remainder when 1377 is divided by 45.
27
Calculate the remainder when 85 is divided by 43.
42
What is the remainder when 1453 is divided by 720?
13
Calculate the remainder when 254 is divided by 8.
6
What is the remainder when 452 is divided by 17?
10
What is the remainder when 27 is divided by 7?
6
What is the remainder when 7238 is divided by 21?
14
What is the remainder when 295 is divided by 30?
25
Calculate the remainder when 407 is divided by 27.
2
Calculate the remainder when 487 is divided by 159.
10
Calculate the remainder when 715 is divided by 18.
13
Calculate the remainder when 4717 is divided by 11.
9
What is the remainder when 80 is divided by 21?
17
Calculate the remainder when 713 is divided by 29.
17
What is the remainder when 47 is divided by 14?
5
What is the remainder when 214 is divided by 44?
38
What is the remainder when 3234 is divided by 1074?
12
What is the remainder when 874 is divided by 7?
6
Calculate the remainder when 2604 is divided by 109.
97
Calculate the remainder when 339 is divided by 58.
49
What is the remainder when 181 is divided by 8?
5
Calculate the remainder when 1300 is divided by 7.
5
What is the remainder when 132 is divided by 34?
30
Calculate the remainder when 200 is divided by 12.
8
Calculate the remainder when 2235 is divided by 21.
9
Calculate the remainder when 426 is divided by 61.
60
What is the remainder when 824 is divided by 175?
124
Calculate the remainder when 1505 is divided by 26.
23
What is the remainder when 294 is divided by 75?
69
Calculate the remainder when 186 is divided by 94.
92
Calculate the remainder when 67 is divided by 59.
8
Calculate the remainder when 221 is divided by 74.
73
Calculate the remainder when 192 is divided by 191.
1
What is the remainder when 115 is divided by 11?
5
Calculate the remainder when 1284 is divided by 86.
80
Calculate the remainder when 53 is divided by 4.
1
Calculate the remainder when 3750 is divided by 28.
26
Calculate the remainder when 439 is divided by 49.
47
What is the remainder when 111 is divided by 7?
6
What is the remainder when 274 is divided by 136?
2
What is the remainder when 172 is divided by 60?
52
What is the remainder when 469 is divided by 118?
115
Calculate the remainder when 313 is divided by 32.
25
What is the remainder when 398 is divided by 25?
23
Calculate the remainder when 658 is divided by 42.
28
What is the remainder when 1106 is divided by 5?
1
Calculate the remainder when 245 is divided by 59.
9
What is the remainder when 4469 is divided by 86?
83
What is the remainder when 22 is divided by 16?
6
Calculate the remainder when 631 is divided by 127.
123
Calculate the remainder when 1096 is divided by 92.
84
Calculate the remainder when 2402 is divided by 473.
37
What is the remainder when 325 is divided by 115?
95
What is the remainder when 6364 is divided by 3?
1
Calculate the remainder when 642 is divided by 13.
5
Calculate the remainder when 276 is divided by 19.
10
Calculate the remainder when 783 is divided by 28.
27
What is the remainder when 973 is divided by 15?
13
Calculate the remainder when 50 is divided by 13.
11
Calculate the remainder when 126 is divided by 35.
21
What is the remainder when 258 is divided by 29?
26
What is the remainder when 9193 is divided by 1837?
8
Calculate the remainder when 58 is divided by 37.
21
What is the remainder when 167 is divided by 34?
31
Calculate the remainder when 1706 is divided by 10.
6
What is the remainder when 158 is divided by 82?
76
What is the remainder when 622 is divided by 147?
34
What is the remainder when 372 is divided by 34?
32
Calculate the remainder when 828 is divided by 16.
12
Calculate the remainder when 3600 is divided by 894.
24
Calculate the remainder when 17 is divided by 10.
7
What is the remainder when 908 is divided by 76?
72
What is the remainder when 912 is divided by 226?
8
What is the remainder when 53 is divided by 32?
21
What is the remainder when 1532 is divided by 31?
13
What is the remainder when 328 is divided by 47?
46
Calculate the remainder when 142 is divided by 33.
10
Calculate the remainder when 832 is divided by 58.
20
What is the remainder when 21 is divided by 15?
6
Calculate the remainder when 46 is divided by 37.
9
What is the remainder when 689 is divided by 5?
4
What is the remainder when 674 is divided by 40?
34
Calculate the remainder when 764 is divided by 59.
56
Calculate the remainder when 307 is divided by 44.
43
Calculate the remainder when 843 is divided by 170.
163
Calculate the remainder when 4802 is divided by 18.
14
What is the remainder when 266 is divided by 249?
17
What is the remainder when 569 is divided by 186?
11
Calculate the remainder when 112 is divided by 5.
2
What is the remainder when 108 is divided by 3?
0
What is the remainder when 221 is divided by 49?
25
What is the remainder when 62 is divided by 25?
12
What is the remainder when 64 is divided by 41?
23
Calculate the remainder when 843 is divided by 34.
27
Calculate the remainder when 73 is divided by 26.
21
What is the remainder when 111 is divided by 38?
35
Calculate the remainder when 356 is divided by 175.
6
What is the remainder when 1661 is divided by 165?
11
Calculate the remainder when 954 is divided by 309.
27
Calculate the remainder when 10 is divided by 5.
0
What is the remainder when 133 is divided by 69?
64
What is the remainder when 285 is divid